6 + 2)/(-12)*(-1599 + 0). Let g = b - -861. List the prime factors of g.
2, 41
Suppose 2*d - o = 23290, 0 = -2*d + 8*o - 12*o + 23290. List the prime factors of d.
5, 17, 137
Suppose -21*v = -27*v + 72. Suppose 426 - 4266 = -v*g. What are the prime factors of g?
2, 5
Suppose 4 = -4*t, u = -4*u + 3*t - 357. Let v = -25 - 93. Let p = u - v. List the prime factors of p.
2, 23
Let o = -30 + 38. Suppose -5*r = -o*r + 15. Suppose 0 = -3*c + 2*w + 199, 2*c = r*w - w + 122. List the prime factors of c.
3, 23
Let o(x) = -x**3 + 7*x**2 + 38*x - 54. Let f(q) = -q**3 + 8*q**2 + 37*q - 53. Let m(j) = 6*f(j) - 5*o(j). What are the prime factors of m(13)?
2, 23
Let k = 4183 + -4105. What are the prime factors of k?
2, 3, 13
List the prime factors of (21557 + 10 + 1)/1.
2, 337
Suppose 5*h = 3*g - 4*g + 23033, 5*h - g = 23027. List the prime factors of h.
2, 7, 47
Let z(i) = -3*i**3 + i**2 - 28*i + 110. What are the prime factors of z(-13)?
2, 3617
Let g = 1629 + 2357. List the prime factors of g.
2, 1993
Let r be (-10)/5 + 4/1. Suppose -r + 4 = c. What are the prime factors of (212/16)/((-1)/(-8)*c)?
53
Let d = -252 + 264. Suppose -2*n + 231 = i + d, 5*n - 1070 = -5*i. What are the prime factors of i?
11, 19
List the prime factors of (-4000049)/(-68) - 238/56.
2, 5, 17, 173
Let d = 46 + 34. Let w be (3/(-4) - -1) + d/(-320). Suppose a + 3*b - 69 = w, -b + 26 = a - 35. What are the prime factors of a?
3, 19
Let h = 19328 + -17221. What are the prime factors of h?
7, 43
Let a(l) = -l**3 + 2*l**2 + 2*l - 14. Let z be a(0). Let k be (-734)/6 + z/(-42). Let x = 48 - k. List the prime factors of x.
2, 5, 17
List the prime factors of 22752/790*(10/8)/((-9)/(-336)).
2, 3, 7
Let h(s) = -33*s + 1200. List the prime factors of h(17).
3, 71
What are the prime factors of (4/7)/(57/(522709152/64))?
2, 40939
Let n = 119 - 115. What are the prime factors of (-6)/n*(-20878)/39 - 5?
2, 3, 7, 19
Let y(a) = 880*a - 894. List the prime factors of y(5).
2, 1753
List the prime factors of (-22)/(-363)*22*6660.
2, 3, 5, 37
Suppose -9*a = -4*k - 5*a + 572, 5*k - 2*a - 706 = 0. What are the prime factors of 32025/k + (-1)/8*-2?
229
Suppose -x - 2*t = 2*x, -2*x = 3*t. Let l = 2 + x. Suppose -4*f = -s - 195, -f + 2*s = -l*s - 30. What are the prime factors of f?
2, 5
Let h = -52 - -54. Suppose 0*r + h*r + 72 = 0. Let n = 213 + r. List the prime factors of n.
3, 59
Let a(z) = 281*z**2 + 1083*z - 7. What are the prime factors of a(-7)?
7, 883
Suppose 32911 = 23*f - 98258. What are the prime factors of f?
3, 1901
Suppose 2*j = -4*s + 6730, 3086 = 3*j - 3*s - 6991. List the prime factors of j.
3361
List the prime factors of ((-97545)/15*8/12)/(3/(-9)).
2, 7, 929
Suppose -6005 = u - 6*u - 5*x, u - 1201 = -4*x. List the prime factors of u.
1201
Suppose -5*d + 35 = 0, -41*d + 45*d = -4*h + 81244. List the prime factors of h.
2, 3, 47
Let a = 21 - 16. Suppose -6*d + 5104 = a*d. What are the prime factors of d?
2, 29
Suppose 0 = 9*p - 648 - 333. Let w = p + -100. Let d(j) = -j**3 + 12*j**2 - 13*j - 14. List the prime factors of d(w).
2, 7
Let d(n) = -n**2 + 7*n + 7. Let q be d(7). Suppose 0 = -q*i + 6*i + 284. Suppose -r + 4*r - 4*p = 213, i = 4*r - p. What are the prime factors of r?
71
Let f = 4810 - 2115. Suppose 17*w - 10*w = f. What are the prime factors of w?
5, 7, 11
Let y = 52 - 30. Let v be 5*(-4)/(-110) - (-84)/y. Suppose -v*c - s - 163 = -627, 2*c + s = 232. What are the prime factors of c?
2, 29
Suppose 4*d + 3*h - 14 = 0, -2*d - 3*d + 2*h + 6 = 0. Let a(s) = -3*s + d*s + 3 + 0*s + 2*s. List the prime factors of a(2).
5
List the prime factors of (4*7609/56)/((-8)/(-32)).
2, 1087
Let s(r) = 125*r**2 + 1949*r + 18. What are the prime factors of s(-19)?
2, 3, 13
Let y(j) = 8*j - 14. Let m(z) = z**3 + 10*z**2 + z + 10. Let u be m(-10). Let x be u - (-6 + (-8)/(-4)). What are the prime factors of y(x)?
2, 3
Let r = 45617 - 25637. What are the prime factors of (-8)/6*r/(-72)?
2, 5, 37
Let f = 1299 + -3141. Let r be (1 + -2)/(6/f). Let k = -218 + r. What are the prime factors of k?
89
List the prime factors of ((-2)/4*74840/(-12))/(60/180).
5, 1871
Suppose -149184 = 39*f - 48*f - 65*f. What are the prime factors of f?
2, 3, 7
Suppose -5*o - 2521 = 3*g - 11747, 0 = -3*g + 5*o + 9266. What are the prime factors of g?
2, 23, 67
Suppose -8*h - 38*h = 26*h - 1769112. List the prime factors of h.
24571
Let h(s) = s**2 + 2*s - 9. Let x be h(-5). Suppose -9*f + 702 = -x*f. List the prime factors of f.
2, 3, 13
Let f = 893 + 3393. What are the prime factors of f?
2, 2143
Let u = 23 + -6. Suppose u*l - 33*l + 13072 = 0. What are the prime factors of l?
19, 43
Let j(s) = 3*s + 240 - 198 + 89*s. What are the prime factors of j(8)?
2, 389
Let s(l) = 2*l + 1. Let v be s(0). Suppose 4*g + v = 65. List the prime factors of g/4 + 0 - -95.
3, 11
Suppose -20*y + 18*y = -9*y + 240786. List the prime factors of y.
2, 3, 7, 13
Let g be 2 + -2 - (-9 + 4). Suppose x - 3*x = -2*m - 8, -g*m + x = 36. List the prime factors of 2034/24 - (10/m - -1).
5, 17
Let r be 0 - -3 - (7 + -1 - 5). Let t(m) = 15*m**2 - 7*m + 11. What are the prime factors of t(r)?
3, 19
Suppose 3*h + 2*a = 8*h - 27, -2*h - 5*a + 5 = 0. Suppose -6*y + d = -4*y - 24, 2*d = -h*y + 42. Suppose 128 + 172 = y*k. List the prime factors of k.
2, 3, 5
Suppose -222*a = -464494 - 7424276. What are the prime factors of a?
3, 5, 23, 103
Let j(d) = -d**3 - 11*d**2 - d - 9. Let m be j(-11). Suppose -m*x + 250 = -12*x. Let v = x - -129. What are the prime factors of v?
2, 13
Suppose 14 = 2*v + 5*d, -4*d + 4 = -4. What are the prime factors of (v - -3252)*(-13)/(-26)?
1627
Let c(g) = 2*g - 2. Let f(j) = -169*j + 53. Let w(l) = 2*c(l) + f(l). What are the prime factors of w(-6)?
1039
Let d(p) = -p**2 + 5*p + 24. Let i be d(8). What are the prime factors of 161 + (i - (-3 + 4)) + -2?
2, 79
Suppose -524299 = 111*i - 1264891. List the prime factors of i.
2, 3, 139
Let m be (-37)/(-8) + 21/56. Suppose -4*h - 376 = -m*h + 2*z, 1484 = 4*h - 4*z. List the prime factors of h.
2, 3, 61
Suppose -2*f + 28224 = p, 156*p - 157*p - 4*f + 28238 = 0. List the prime factors of p.
2, 5, 7, 13, 31
Let y(m) = -m**3 - 18*m**2 - 21*m - 22. Let u(g) = -g**3 - 18*g**2 - 21*g - 23. Let n(o) = 4*u(o) - 5*y(o). List the prime factors of n(-15).
2, 3, 7
Suppose -11*a - 1337520 = -48*a - 23*a. List the prime factors of a.
2, 5573
Let b(a) = -16*a**3 - 15*a**2 - 21*a - 39. List the prime factors of b(-11).
103, 191
Let s(j) = 2*j**2 - 3*j - 6. Let y be s(3). Let x be 4/7 + y + (-227)/(-7). Suppose 0*d = d - x. What are the prime factors of d?
2, 3
Suppose -2*n - 2*y = -100 + 488, 2*n - 5*y + 409 = 0. Let s = -335 - n. List the prime factors of (8/6)/((16/s)/(-4)).
2, 23
Suppose -y = -5*f - 59, y + 2*y = 2*f + 151. Suppose 0 = 5*n + y - 309. Let p = -48 + n. What are the prime factors of p?
2
Suppose 4*n + 28 = -4*i, -4*i + 5 - 21 = n. Let f be (-1 - 0) + 1/(-4)*n. Suppose -6*r + 8*r - 18 = f. List the prime factors of r.
3
Let u be (5/4)/(7 - 54/8). Suppose u*y + 3710 = z + 4*z, z - 4*y = 742. What are the prime factors of z?
2, 7, 53
Let g be (140/(-84))/((-10)/(-6) - 2). Suppose -g*p = -p - 2108. What are the prime factors of p?
17, 31
List the prime factors of ((-509561)/26)/(3/2*9/(-27)).
19, 2063
Suppose -46 = -3*s - s - 3*i, -60 = -4*s + 4*i. Suppose s*j - 4512 = 987. List the prime factors of j.
3, 47
Let m(i) be the third derivative of 5*i**5/24 - i**4/24 - i**3/2 + 10*i**2. Let u(f) be the first derivative of m(f). List the prime factors of u(1).
2, 3
Let x(o) = o**3 + 4*o**2 + 6*o + 4. Let u be x(-2). Suppose 2*g = -u*g - s + 396, g - 2*s = 198. What are the prime factors of g?
2, 3, 11
Suppose -5 = -2*b + b. Suppose b*m = -3*v + 30, -5*m + 0*v = -3*v - 60. Let n(f) = -f + 30. List the prime factors of n(m).
3, 7
Let m be (-10)/1 - (0 - (-2 - 2)). What are the prime factors of (12/m)/3 + 4656/28?
2, 83
Let t(h) = h**2 + 2*h - 6. Let p be t(-4). Suppose p*b - 37 = -31. What are the prime factors of 43/1 - b/(-6 + 5)?
2, 23
Suppose -207*f = -3704900 - 2438250 - 4323598. What are the prime factors of f?
2, 12641
Let n = 287 - 285. Suppose n*x + u - 72 = 0, -2*x - x + 98 = -u. What are the prime factors of x?
2, 17
Let v(y) = 518*y**3 + 3*y**2 - 9*y. Let a(h) = 2590*h**3 + 14*h**2 -